actors of 11728?
2, 733
What are the prime factors of 16236?
2, 3, 11, 41
List the prime factors of 669.
3, 223
List the prime factors of 1027.
13, 79
List the prime factors of 22982.
2, 11491
What are the prime factors of 1569?
3, 523
What are the prime factors of 40306?
2, 7, 2879
What are the prime factors of 1634?
2, 19, 43
List the prime factors of 750.
2, 3, 5
List the prime factors of 68584.
2, 8573
List the prime factors of 17258.
2, 8629
What are the prime factors of 75696?
2, 3, 19, 83
List the prime factors of 1864.
2, 233
List the prime factors of 695.
5, 139
What are the prime factors of 7197?
3, 2399
List the prime factors of 8606.
2, 13, 331
What are the prime factors of 51370?
2, 5, 11, 467
What are the prime factors of 4319?
7, 617
List the prime factors of 725.
5, 29
List the prime factors of 6943.
53, 131
List the prime factors of 26921.
26921
What are the prime factors of 69049?
29, 2381
List the prime factors of 2766.
2, 3, 461
What are the prime factors of 24650?
2, 5, 17, 29
List the prime factors of 73419.
3, 24473
What are the prime factors of 2631?
3, 877
List the prime factors of 632.
2, 79
List the prime factors of 5003.
5003
List the prime factors of 21176.
2, 2647
What are the prime factors of 1066?
2, 13, 41
List the prime factors of 41766.
2, 3, 6961
List the prime factors of 4724.
2, 1181
What are the prime factors of 24208?
2, 17, 89
What are the prime factors of 11678?
2, 5839
List the prime factors of 1828.
2, 457
What are the prime factors of 545?
5, 109
What are the prime factors of 4860?
2, 3, 5
What are the prime factors of 1003?
17, 59
List the prime factors of 553.
7, 79
List the prime factors of 18506.
2, 19, 487
List the prime factors of 2222.
2, 11, 101
What are the prime factors of 343?
7
What are the prime factors of 85116?
2, 3, 41, 173
What are the prime factors of 603?
3, 67
List the prime factors of 1543.
1543
What are the prime factors of 1386?
2, 3, 7, 11
List the prime factors of 2159.
17, 127
What are the prime factors of 4?
2
List the prime factors of 108081.
3, 4003
What are the prime factors of 23682?
2, 3, 3947
List the prime factors of 4352.
2, 17
What are the prime factors of 19036?
2, 4759
What are the prime factors of 90?
2, 3, 5
List the prime factors of 6592.
2, 103
List the prime factors of 1035.
3, 5, 23
List the prime factors of 2999.
2999
What are the prime factors of 2099?
2099
What are the prime factors of 2241?
3, 83
List the prime factors of 42675.
3, 5, 569
List the prime factors of 296.
2, 37
List the prime factors of 540.
2, 3, 5
List the prime factors of 1118.
2, 13, 43
What are the prime factors of 33062?
2, 61, 271
List the prime factors of 1030.
2, 5, 103
What are the prime factors of 361?
19
What are the prime factors of 1170?
2, 3, 5, 13
List the prime factors of 9444.
2, 3, 787
List the prime factors of 5544.
2, 3, 7, 11
List the prime factors of 2927.
2927
What are the prime factors of 9675?
3, 5, 43
What are the prime factors of 8621?
37, 233
List the prime factors of 1186.
2, 593
List the prime factors of 4669.
7, 23, 29
List the prime factors of 52.
2, 13
List the prime factors of 6680.
2, 5, 167
List the prime factors of 4066.
2, 19, 107
List the prime factors of 6602.
2, 3301
What are the prime factors of 17460?
2, 3, 5, 97
List the prime factors of 9283.
9283
What are the prime factors of 11289?
3, 53, 71
What are the prime factors of 7116?
2, 3, 593
List the prime factors of 43.
43
What are the prime factors of 13706?
2, 7, 11, 89
List the prime factors of 489.
3, 163
List the prime factors of 31510.
2, 5, 23, 137
List the prime factors of 71005.
5, 11, 1291
List the prime factors of 79822.
2, 107, 373
List the prime factors of 7465.
5, 1493
What are the prime factors of 6270?
2, 3, 5, 11, 19
List the prime factors of 21094.
2, 53, 199
What are the prime factors of 9020?
2, 5, 11, 41
What are the prime factors of 29875?
5, 239
List the prime factors of 2448.
2, 3, 17
List the prime factors of 674.
2, 337
What are the prime factors of 399?
3, 7, 19
What are the prime factors of 47326?
2, 23663
What are the prime factors of 364?
2, 7, 13
List the prime factors of 364.
2, 7, 13
What are the prime factors of 2052?
2, 3, 19
What are the prime factors of 2563?
11, 233
What are the prime factors of 13567?
13567
List the prime factors of 183.
3, 61
List the prime factors of 2623.
43, 61
What are the prime factors of 348?
2, 3, 29
What are the prime factors of 55382?
2, 27691
List the prime factors of 8770.
2, 5, 877
List the prime factors of 188083.
7, 97, 277
List the prime factors of 62537.
23, 2719
List the prime factors of 112825.
5, 4513
What are the prime factors of 301?
7, 43
What are the prime factors of 2693?
2693
What are the prime factors of 1197?
3, 7, 19
What are the prime factors of 99078?
2, 3, 7, 337
List the prime factors of 16266.
2, 3, 2711
List the prime factors of 26137.
59, 443
List the prime factors of 6103.
17, 359
List the prime factors of 7463.
17, 439
List the prime factors of 6256.
2, 17, 23
List the prime factors of 18938.
2, 17, 557
List the prime factors of 729.
3
List the prime factors of 62989.
62989
What are the prime factors of 13955?
5, 2791
What are the prime factors of 519?
3, 173
What are the prime factors of 31833?
3, 131
List the prime factors of 337.
337
What are the prime factors of 63903?
3, 7, 17, 179
What are the prime factors of 87825?
3, 5, 1171
List the prime factors of 312.
2, 3, 13
What are the prime factors of 1308?
2, 3, 109
List the prime factors of 282.
2, 3, 47
What are the prime factors of 6837?
3, 43, 53
What are the prime factors of 19288?
2, 2411
What are the prime factors of 1125?
3, 5
List the prime factors of 620.
2, 5, 31
What are the prime factors of 1036?
2, 7, 37
List the prime factors of 7452.
2, 3, 23
List the prime factors of 935.
5, 11, 17
What are the prime factors of 4878?
2, 3, 271
List the prime factors of 13841.
13841
What are the prime factors of 881?
881
List the prime factors of 147.
3, 7
What are the prime factors of 1013?
1013
What are the prime factors of 7794?
2, 3, 433
List the prime factors of 4613.
7, 659
List the prime factors of 1600.
2, 5
What are the prime factors of 21440?
2, 5, 67
What are the prime factors of 234?
2, 3, 13
List the prime factors of 80729.
11, 41, 179
What are the prime factors of 517?
11, 47
What are the prime factors of 2791?
2791
What are the prime factors of 365?
5, 73
List the prime factors of 182979.
3, 251
List the prime factors of 5729.
17, 337
What are the prime factors of 12188?
2, 11, 277
What are the prime factors of 36272?
2, 2267
What are the prime factors of 6502?
2, 3251
List the prime factors of 100.
2, 5
List the prime factors of 9718.
2, 43, 113
What are the prime factors of 37465?
5, 59, 127
List the prime factors of 239.
239
What are the prime factors of 54315?
3, 5, 17, 71
What are the prime factors of 27154?
2, 13577
What are the prime factors of 6002?
2, 3001
What are the prime factors of 4711?
7, 673
What are the prime factors of 370?
2, 5, 37
List the prime factors of 34120.
2, 5, 853
What are the prime factors of 6328?
2, 7, 113
List the prime factors of 13040.
2, 5, 163
List the prime factors of 1139.
17, 67
What are the prime factors of 2065?
5, 7, 59
List the prime factors of 32458.
2, 16229
List the prime factors of 24858.
2, 3, 1381
What are the prime factors of 1639?
11, 149
What are the prime factors of 2649?
3, 883
What are the prime factors of 41626?
2, 13, 1601
List the prime factors of 23385.
3, 5, 1559
List the prime factors of 10817.
29, 373
What are the prime factors of 805?
5, 7, 23
List the prime factors of 52947.
3, 37, 53
List the prime factors of 396.
2, 3, 11
What are the prime factors of 27222?
2, 3, 13, 349
What are the prime factors of 41073?
3, 13691
List the prime factors of 769.
769
List the prime factors of 6161.
61, 101
List the prime factors of 7737.
3, 2579
What are the prime factors of 75740?
2, 5, 7, 541
List the prime factors of 15953.
7, 43, 53
What are the prime factors of 13366?
2, 41, 163
List the prime factors of 877.
877
What are the prime factors of 25570?
2, 5, 2557
What are the prime factors of 4306?
2, 2153
What are the prime factors of 18078?
2, 3, 23, 131
What are the prime facto